{"id":5366,"date":"2024-11-08T06:57:45","date_gmt":"2024-11-08T05:57:45","guid":{"rendered":"https:\/\/doku.lajucamp.de\/?page_id=5366"},"modified":"2024-12-14T00:37:05","modified_gmt":"2024-12-13T23:37:05","slug":"impressum","status":"publish","type":"page","link":"https:\/\/doku.lajucamp.de\/?page_id=5366","title":{"rendered":"Impressum"},"content":{"rendered":"\t\t<div data-elementor-type=\"wp-page\" data-elementor-id=\"5366\" class=\"elementor elementor-5366\" data-elementor-settings=\"{&quot;ha_cmc_init_switcher&quot;:&quot;no&quot;}\" data-elementor-post-type=\"page\">\n\t\t\t\t<div class=\"elementor-element elementor-element-2a34962 e-flex e-con-boxed wpr-particle-no wpr-jarallax-no wpr-parallax-no wpr-sticky-section-no wpr-equal-height-no e-con e-parent\" data-id=\"2a34962\" data-element_type=\"container\" data-e-type=\"container\" data-settings=\"{&quot;_ha_eqh_enable&quot;:false}\">\n\t\t\t\t\t<div class=\"e-con-inner\">\n\t\t\t\t<div class=\"elementor-element elementor-element-1fde096 elementor-widget elementor-widget-heading\" data-id=\"1fde096\" data-element_type=\"widget\" data-e-type=\"widget\" data-widget_type=\"heading.default\">\n\t\t\t\t<div class=\"elementor-widget-container\">\n\t\t\t\t\t<h2 class=\"elementor-heading-title elementor-size-default\">IMPRESSUM<br>\nDiensteanbieter gem\u00e4\u00df \u00a7 5 DDG<\/h2>\t\t\t\t<\/div>\n\t\t\t\t<\/div>\n\t\t\t\t<div class=\"elementor-element elementor-element-c379e17 elementor-widget elementor-widget-text-editor\" data-id=\"c379e17\" data-element_type=\"widget\" data-e-type=\"widget\" data-widget_type=\"text-editor.default\">\n\t\t\t\t<div class=\"elementor-widget-container\">\n\t\t\t\t\t\t\t\t\t<h2>\u00a0<\/h2><div class=\"imprint-contact\"><div class=\"contact-inner\"><div class=\"text-container\"><div class=\"section name\"><p><strong>Haus\u00a0kirchlicher Dienste<\/strong><\/p><div class=\"section address\">Archivstra\u00dfe 3<br \/>30169 Hannover<\/div><div class=\"section phone\">Tel.:\u00a00511 1241-416<\/div><div class=\"section email-website\"><span class=\"hide-marginal\">E-Mail:\u00a0<\/span><a href=\"mailto:info@kirchliche-dienste.de\">info@kirchliche-dienste.de<\/a><\/div><\/div><\/div><\/div><\/div><p>Diese Einrichtung ist eine Einrichtung der Evangelisch-lutherischen Landeskirche Hannovers, K\u00f6rperschaft des \u00f6ffentlichen Rechts.<\/p><p>Evangelisch-lutherische Landeskirche Hannovers<br \/>Landeskirchenamt<br \/>Rote Reihe 6<br \/>30169 Hannover<br \/><a href=\"mailto:landeskirchenamt@evlka.de\">landeskirchenamt@evlka.de<\/a><br \/>Tel.: 0049(0)511-1241-0<\/p><h3>Vertretungsberechtigt<\/h3><p>Dr. Jens Lehmann<\/p><h3>Umsatzsteuer-ID gem\u00e4\u00df \u00a7 27 a Umsatzsteuergesetz:<\/h3><p>DE 115 650 642<\/p><h3 class=\"privacy_imprint\">Verantwortliche\/r f\u00fcr redaktionelle Inhalte gem\u00e4\u00df \u00a7 18 Abs. 2 MStV<\/h3><div class=\"imprint-contact\"><div class=\"contact-inner\"><div class=\"text-container\"><div class=\"section name\"><p><strong>Mirko\u00a0Peisert, Direktor<\/strong><\/p><div class=\"section institution\"><p>Haus kirchlicher Dienste<\/p><\/div><div class=\"section address\">Archivstr. 3<br \/>30169 Hannover<\/div><div class=\"section phone\">Tel.:\u00a00511 1241-416<\/div><div class=\"section email-website\"><span class=\"hide-marginal\">E-Mail:\u00a0<\/span><a href=\"mailto:direktor.hkd@evlka.de\">direktor.hkd@evlka.de<\/a><\/div><\/div><\/div><\/div><\/div><h3 class=\"privacy_imprint\">\u00d6rtlich Beauftragte(r) f\u00fcr den Datenschutz gem\u00e4\u00df \u00a7 36 DSG-EKD<\/h3><div class=\"imprint-contact\"><div class=\"contact-inner\"><div class=\"text-container\"><div class=\"section name\"><p><strong>Cai\u00a0Franke<\/strong><\/p><div class=\"section institution\"><p>Evangelisch-lutherische Landeskirche Hannovers<\/p><\/div><div class=\"section address\">Rote Reihe 6<br \/>30169 Hannover<\/div><div class=\"section phone\">Tel.:\u00a00511 1241-282<\/div><div class=\"section email-website\"><span class=\"hide-marginal\">E-Mail:\u00a0<\/span><a href=\"mailto:cai.franke@evlka.de\">cai.franke@evlka.de<\/a><\/div><\/div><\/div><\/div><\/div><h3 class=\"privacy_imprint\">Technische Bereitstellung<\/h3><p>Evangelische Medienarbeit | EMA<\/p><p>Archivstra\u00dfe 3<br \/>30169 Hannover<br \/><a href=\"mailto:admin.ema@evlka.de\">admin.ema@evlka.de<\/a><br \/>Tel.: 0049(0)511-1241-781<\/p><h2>Rechtliche Hinweise<\/h2><h3>Informationsinhalte und deren Verf\u00fcgbarkeit<\/h3><p>Die Informationen auf den Webseiten des Hauses kirchlicher Dienste dienen ausschlie\u00dflich der Information der Besucher. Alle enthaltenen Angaben wurden sorgf\u00e4ltig recherchiert und von den redaktionell Verantwortlichen gepr\u00fcft. Dennoch kann f\u00fcr die Richtigkeit, Vollst\u00e4ndigkeit und Aktualit\u00e4t keine Gew\u00e4hr \u00fcbernommen werden. Dar\u00fcber hinaus beh\u00e4lt sich die Evangelisch-lutherische Landeskirche Hannovers vor, die bereitgestellten Informationen jederzeit ohne vorherige Ank\u00fcndigung zu \u00e4ndern oder zu aktualisieren.<\/p><h3>Links zu anderen Webseiten<\/h3><p>Die Webseiten des Hauses kirchlicher Dienste enthalten Links zu Webseiten Dritter. F\u00fcr die Inhalte der verlinkten Webseiten ist ausschlie\u00dflich der jeweilige Anbieter dieser Webseiten verantwortlich. Zum Zeitpunkt der Verlinkung auf die externen Webseiten waren weder rechtswidrige Inhalte noch Rechtsverst\u00f6\u00dfe erkennbar. Eine andauernde Kontrolle der verlinkten Webseiten, ohne konkrete Anhaltspunkte einer Rechtsverletzung, ist nicht durchf\u00fchrbar. Bei Bekanntwerden von Rechtsverst\u00f6\u00dfen werden derartige Verlinkungen umgehend entfernt.<\/p><h3>Urheberrecht<\/h3><p>Inhalt und Struktur der Webseiten des Hauses kirchlicher Dienste sind urheberrechtlich gesch\u00fctzt. Die Vervielf\u00e4ltigung von Inhalten oder Daten, insbesondere die Verwendung von Texten, Textteilen oder Bildmaterial, bedarf der vorherigen schriftlichen Zustimmung des redaktionell Verantwortlichen.<\/p><h3>Informationen zur au\u00dfergerichtlichen Online-Streitbeilegung gem\u00e4\u00df Art.14 Abs.1 Online-Dispute-Resolution (ODR-VO) und \u00a7 36 Verbraucherstreitbeilegungsgesetz (VSBG)<\/h3><p>Die Europ\u00e4ische Kommission bietet eine Plattform f\u00fcr die Online-Streitbeilegung (EU-Verordnung 524\/2013 vom 21.05.2013) an. Die Plattform dient der Beilegung von verbraucherrechtlichen Streitigkeiten bei Online-Kaufvertr\u00e4gen. Die Seite ist \u00fcber den externen Link\u00a0<a href=\"https:\/\/ec.europa.eu\/consumers\/odr\/\">https:\/\/ec.europa.eu\/consumers\/odr\/<\/a>\u00a0zu erreichen, wo Sie weitere Informationen finden. Zur Teilnahme an einem Schlichtungsverfahren sind wir weder verpflichtet noch bereit und k\u00f6nnen die Teilnahme an einem solchen Verfahren auch nicht anbieten.<\/p>\t\t\t\t\t\t\t\t<\/div>\n\t\t\t\t<\/div>\n\t\t\t\t\t<\/div>\n\t\t\t\t<\/div>\n\t\t\t\t<\/div>\n\t\t","protected":false},"excerpt":{"rendered":"<p>IMPRESSUM Diensteanbieter gem\u00e4\u00df \u00a7 5 DDG \u00a0 Haus\u00a0kirchlicher Dienste Archivstra\u00dfe 330169 HannoverTel.:\u00a00511 1241-416E-Mail:\u00a0info@kirchliche-dienste.de Diese Einrichtung ist eine Einrichtung der Evangelisch-lutherischen Landeskirche Hannovers, K\u00f6rperschaft des \u00f6ffentlichen Rechts. Evangelisch-lutherische Landeskirche HannoversLandeskirchenamtRote Reihe 630169 Hannoverlandeskirchenamt@evlka.deTel.: 0049(0)511-1241-0 Vertretungsberechtigt Dr. Jens Lehmann Umsatzsteuer-ID gem\u00e4\u00df \u00a7 27 a Umsatzsteuergesetz: DE 115 650 642 Verantwortliche\/r f\u00fcr redaktionelle Inhalte gem\u00e4\u00df \u00a7 18 Abs. 2 MStV Mirko\u00a0Peisert, Direktor Haus kirchlicher Dienste Archivstr. 330169 HannoverTel.:\u00a00511 1241-416E-Mail:\u00a0direktor.hkd@evlka.de \u00d6rtlich Beauftragte(r) f\u00fcr den Datenschutz gem\u00e4\u00df \u00a7 36 DSG-EKD Cai\u00a0Franke Evangelisch-lutherische Landeskirche Hannovers Rote Reihe 630169 HannoverTel.:\u00a00511 1241-282E-Mail:\u00a0cai.franke@evlka.de Technische Bereitstellung Evangelische Medienarbeit | EMA Archivstra\u00dfe 330169 Hannoveradmin.ema@evlka.deTel.: 0049(0)511-1241-781 Rechtliche Hinweise Informationsinhalte und deren Verf\u00fcgbarkeit Die Informationen auf den Webseiten des Hauses kirchlicher Dienste dienen ausschlie\u00dflich der Information der Besucher. Alle enthaltenen Angaben wurden sorgf\u00e4ltig recherchiert und von den redaktionell Verantwortlichen gepr\u00fcft. Dennoch kann f\u00fcr die Richtigkeit, Vollst\u00e4ndigkeit und Aktualit\u00e4t keine Gew\u00e4hr \u00fcbernommen werden. Dar\u00fcber hinaus beh\u00e4lt sich die Evangelisch-lutherische Landeskirche Hannovers vor, die bereitgestellten Informationen jederzeit ohne vorherige Ank\u00fcndigung zu \u00e4ndern oder zu aktualisieren. Links zu anderen Webseiten Die Webseiten des Hauses kirchlicher Dienste enthalten Links zu Webseiten Dritter. F\u00fcr die Inhalte der verlinkten Webseiten ist ausschlie\u00dflich der jeweilige Anbieter dieser Webseiten verantwortlich. Zum Zeitpunkt der Verlinkung auf die externen Webseiten waren weder rechtswidrige Inhalte noch Rechtsverst\u00f6\u00dfe erkennbar. Eine andauernde Kontrolle der verlinkten Webseiten, ohne konkrete Anhaltspunkte einer Rechtsverletzung, ist nicht durchf\u00fchrbar. Bei Bekanntwerden von Rechtsverst\u00f6\u00dfen werden derartige Verlinkungen umgehend entfernt. Urheberrecht Inhalt und Struktur der Webseiten des Hauses kirchlicher Dienste sind urheberrechtlich gesch\u00fctzt. Die Vervielf\u00e4ltigung von Inhalten oder Daten, insbesondere die Verwendung von Texten, Textteilen oder Bildmaterial, bedarf der vorherigen schriftlichen Zustimmung des redaktionell Verantwortlichen. Informationen zur au\u00dfergerichtlichen Online-Streitbeilegung gem\u00e4\u00df Art.14 Abs.1 Online-Dispute-Resolution (ODR-VO) und \u00a7 36 Verbraucherstreitbeilegungsgesetz (VSBG) Die Europ\u00e4ische Kommission bietet eine Plattform f\u00fcr die Online-Streitbeilegung (EU-Verordnung 524\/2013 vom 21.05.2013) an. Die Plattform dient der Beilegung von verbraucherrechtlichen Streitigkeiten bei Online-Kaufvertr\u00e4gen. Die Seite ist \u00fcber den externen Link\u00a0https:\/\/ec.europa.eu\/consumers\/odr\/\u00a0zu erreichen, wo Sie weitere Informationen finden. Zur Teilnahme an einem Schlichtungsverfahren sind wir weder verpflichtet noch bereit und k\u00f6nnen die Teilnahme an einem solchen Verfahren auch nicht anbieten.<\/p>\n","protected":false},"author":1,"featured_media":0,"parent":0,"menu_order":0,"comment_status":"closed","ping_status":"closed","template":"","meta":{"footnotes":""},"class_list":["post-5366","page","type-page","status-publish","hentry"],"_links":{"self":[{"href":"https:\/\/doku.lajucamp.de\/index.php?rest_route=\/wp\/v2\/pages\/5366","targetHints":{"allow":["GET"]}}],"collection":[{"href":"https:\/\/doku.lajucamp.de\/index.php?rest_route=\/wp\/v2\/pages"}],"about":[{"href":"https:\/\/doku.lajucamp.de\/index.php?rest_route=\/wp\/v2\/types\/page"}],"author":[{"embeddable":true,"href":"https:\/\/doku.lajucamp.de\/index.php?rest_route=\/wp\/v2\/users\/1"}],"replies":[{"embeddable":true,"href":"https:\/\/doku.lajucamp.de\/index.php?rest_route=%2Fwp%2Fv2%2Fcomments&post=5366"}],"version-history":[{"count":7,"href":"https:\/\/doku.lajucamp.de\/index.php?rest_route=\/wp\/v2\/pages\/5366\/revisions"}],"predecessor-version":[{"id":5817,"href":"https:\/\/doku.lajucamp.de\/index.php?rest_route=\/wp\/v2\/pages\/5366\/revisions\/5817"}],"wp:attachment":[{"href":"https:\/\/doku.lajucamp.de\/index.php?rest_route=%2Fwp%2Fv2%2Fmedia&parent=5366"}],"curies":[{"name":"wp","href":"https:\/\/api.w.org\/{rel}","templated":true}]}}